*s + 2 = -5*o. Suppose -4*c - n = -40, -3*c - o*n = 1 - 36. What is the remainder when q is divided by c?
8
Let f = 7391 - 7168. Calculate the remainder when f is divided by 89.
45
Suppose 10 = 10*i - 15*i. What is the remainder when 51 is divided by (i/(-3) - (-82)/3) + -4?
3
Suppose 37734 + 96879 = 46*d - 128047. What is the remainder when d is divided by 29?
26
Suppose -5*s = 19*j - 14*j - 200, 2 = -j. Suppose g - 3*n = 3*g - 24, -4 = n. Suppose 0 = -t - t + g. What is the remainder when s is divided by t?
6
Let u(z) = 6*z**2 - 11*z - 14. Let q = -232 - -229. What is the remainder when u(q) is divided by 5?
3
Calculate the remainder when (1029 + -55)*2/4 is divided by 485.
2
Let x(a) = 2*a**3 + 46*a**2 + 6*a + 198. Calculate the remainder when 225 is divided by x(-23).
45
Let y(t) = 5*t**2 + 6*t - 15. Let x be y(-6). Suppose x*s = 142*s - 9074. What is the remainder when s is divided by 10?
8
Let o = 8905 - 8414. Calculate the remainder when o is divided by 30.
11
Suppose -300 = -5*p - 265. Suppose -p*u = -3*u + 2*s - 290, 0 = -4*s - 4. Calculate the remainder when u is divided by 21.
10
Suppose -2*p + 3*d = -63, -2*p + 0*d = -2*d - 58. Suppose n = -n + p. Let g = 1903 + -1897. Calculate the remainder when n is divided by g.
0
Let s(b) = 13*b**2 + 352*b + 1671. Suppose -5*d = -4 - 11. Suppose d*w - 2*w - 34 = 0. Calculate the remainder when w is divided by s(-21).
10
Suppose -472 = -4*m + 2*a, -3*m - 119*a + 363 = -120*a. Suppose -3*y - 2*y = -70. What is the remainder when m is divided by y?
1
Let y(z) be the second derivative of 21*z + 0 - 17/2*z**2 - 1/6*z**3. Calculate the remainder when y(-19) is divided by 2.
0
Calculate the remainder when 121 is divided by (-12 - (10 - 21))/((-1)/63).
58
Let u = 146 - 107. Calculate the remainder when -3*(-2280)/36 - (1 + -2) is divided by u.
35
Let w(r) = 77*r - 3. Let a(u) = u**3 + 9*u**2 - 11*u - 7. Let f be a(-10). Let v be w(f). Suppose 2*x + 80 = v. Calculate the remainder when x is divided by 15.
14
Let j be (-3 + 6/2)/1. Suppose -4*t - t + 4*x + 14 = j, -t + 5*x = 14. Calculate the remainder when (11/4)/(3*(-3)/(-72)) is divided by t.
4
Suppose -8*j - 18*o + 5823 = -15*o, 0 = -j + 4*o + 741. Suppose 5*t - k - 333 - 28 = 0, 4*t - 300 = -2*k. Calculate the remainder when j is divided by t.
72
Suppose 29*r - 2116 - 1045 = 0. Let f(t) = 3*t - 34. What is the remainder when r is divided by f(16)?
11
Let o = -11561 + 12131. What is the remainder when o is divided by 231?
108
Suppose 975 - 984 = 3*c, 2*c = 5*r - 171. What is the remainder when 156 is divided by r?
24
Let z(x) = -x**3 + 25*x - 85. Calculate the remainder when z(-7) is divided by 62.
21
Let y(j) = 9*j + 27*j**2 - 2518 + 1245 + 1255. Calculate the remainder when y(3) is divided by 23.
22
Let o = 12 + 22. Suppose 230*a - 24 = 234*a. Calculate the remainder when o is divided by -5 - -22*a/(-12).
4
Suppose 18*v - 116399 = -149*v. What is the remainder when v is divided by 54?
49
Suppose 2*g + 4*r = 5*r + 32753, -7*r + 32793 = 2*g. Calculate the remainder when g is divided by 105.
104
Let p(s) = s**2 + 8*s + 8. Suppose -2*y = f - 25, 6*y - y - f - 66 = 0. Let h be 3 - (2 + -4 + y). What is the remainder when 14 is divided by p(h)?
6
Let w(c) = -c - 18. Let f be w(-18). Suppose 5*u + b = -f*b + 45, 3*b - 15 = -3*u. Suppose 9*j = -j + u. Calculate the remainder when 1 is divided by j.
0
What is the remainder when 222 is divided by ((-156)/(-39))/((-16)/(-804))?
21
Let o = 30505 - 30397. Calculate the remainder when 1508 is divided by o.
104
Suppose 9124 = 108*v - 10640. What is the remainder when v is divided by 65?
53
Let n(d) = 3*d**3 - 5*d**2 + 7*d - 15. Let a be n(7). Let x = 428 - a. Let s = -233 - x. What is the remainder when s is divided by 40?
37
Suppose -26*n - 28*n = -5*n - 931. What is the remainder when 76 is divided by n?
0
Let q = 2912 - 2885. What is the remainder when 236 is divided by q?
20
Suppose 1988 = -29*k + 32*k - 2*o, 5*k = -3*o + 3345. What is the remainder when k is divided by 10?
6
Let b be 32/(((-40)/(-28))/(-5)). Let y = b - -141. Calculate the remainder when 202 is divided by y.
28
Suppose 4*g - 51 - 149 = 0. Let s = -596 - -666. Calculate the remainder when s is divided by g.
20
Suppose -r - 96 = -f, 0 = 5*f - 3*r - 329 - 149. Suppose -10*m + 155 - 55 = 0. What is the remainder when f is divided by m?
5
Suppose 3*f - 26 + 8 = 3*s, f = -2*s + 3. Suppose 3*r + 390 = 3*u, -3*u + r - f*r + 383 = 0. What is the remainder when u is divided by 34?
27
Suppose -1397 + 2060 = 13*u. What is the remainder when 269 is divided by u?
14
Let a(c) = -6*c - 6. Let g = -407 + 730. Suppose 0 = 6*b + 11*b - g. Calculate the remainder when b is divided by a(-3).
7
Let n(l) = -l**2 + 20*l - 4. Suppose 2*d = 0, 4*i + 0*i - 2*d - 16 = 0. Let r be n(i). What is the remainder when (-12)/r - (-292)/10 is divided by 17?
12
Suppose -z + 34 = -59. Suppose -5*u + 2*u + z = 0. What is the remainder when ((-734)/4 + (-15)/(-30))*-1 is divided by u?
28
Let z = 3624 - 2960. Calculate the remainder when z is divided by 37.
35
Let a(d) = -2*d**2 + 83*d + 251. Suppose 5*i + 0*i + 4*o - 12 = 0, 8 = -4*o. Calculate the remainder when a(44) is divided by i.
3
Let z(f) be the third derivative of -1/120*f**6 + 0 + 0*f + 7/6*f**3 + 0*f**5 + 7/24*f**4 - 4*f**2. What is the remainder when 38 is divided by z(-3)?
12
What is the remainder when (-3064)/(-8) - (87 + -7)/10 is divided by 80?
55
Suppose -2495 = -52*j + 7385. Calculate the remainder when j is divided by 61.
7
Let p = 13 + -11. Suppose 49*w - p = 51*w. Calculate the remainder when 91 is divided by (-46*-1*(-1)/2)/w.
22
Let m = -157 + 162. Suppose 99 = m*d - 3*s - s, 4*s + 61 = 3*d. What is the remainder when 25 is divided by d?
6
Let c(v) = 0*v + 501 + v - 497. Let x be c(4). Calculate the remainder when 19 is divided by ((-165)/(-44))/(3/x).
9
Suppose -53*j - 176 = -9*j. Calculate the remainder when 58/j*(18 - 20) is divided by 4 + (-3 - -1) + 3.
4
Let d be 12 + (-4)/34 + 196/(-68). Suppose -48 = -12*v + d*v. Calculate the remainder when 75 is divided by v.
11
Let q(s) be the third derivative of -2*s**4/3 + 5*s**3/6 - 30*s**2. Let h be ((-81)/(-15) - 5) + (-7)/5. What is the remainder when 37 is divided by q(h)?
16
Let t = -14 - -73. Let f = 29 - t. Let u = f - -38. Calculate the remainder when u is divided by 4.
0
Let j = -38 - -76. Let z be 1*30/(-12)*2. Let m(p) = 5*p**2 + 8*p + 65. Calculate the remainder when m(z) is divided by j.
36
Let b(k) be the third derivative of k**5/60 + 7*k**4/24 + 2*k**3 + 57*k**2. Calculate the remainder when 55 is divided by b(-7).
7
Let q(y) = 8*y**3 + 78*y**2 - 32*y - 58. Calculate the remainder when q(-10) is divided by 21.
20
Suppose -83*q + 27218 + 23182 = 43*q. Calculate the remainder when q is divided by 197.
6
Suppose 2*c = -6, 5*u = -2*c + 2765 + 1104. Suppose -221*h = -226*h + u. Calculate the remainder when h is divided by 32.
27
Suppose 25 = o + 3*h, -2*o - 36*h + 17 = -41*h. Calculate the remainder when 172/3*6/2 is divided by o.
12
Suppose 45 = -k + 4*k. Suppose v + 3*i = 0, -3*v - 6*i = -2*i - k. Suppose v*m - m - 224 = 0. What is the remainder when m is divided by 8?
4
Suppose 0 = 4*c + 5*t - 651, -3*t = -3*c + 433 + 62. What is the remainder when c is divided by 49?
17
Suppose 0 = -24*f - 25 + 169. Calculate the remainder when (-28)/f*1944/(-252) is divided by 13.
10
Let p(y) = y**3 + 67*y**2 - 215*y - 166. What is the remainder when 2382 is divided by p(-70)?
174
Let y(v) = -2*v + 3. Let b be y(3). Let f = 18 + b. Suppose -18 = -18*x + f*x. What is the remainder when 26 is divided by x?
2
Suppose 6224 - 1592 = 6*d. Suppose 767*b = d*b - 115. What is the remainder when 27 is divided by b?
4
Suppose -4*g + 10 = -110. What is the remainder when 471/(-628)*(0 - -3 - -1) + 209 is divided by g?
26
Let b = 17063 - 16306. What is the remainder when b is divided by 33?
31
Suppose -49 = 4*v - 37. Let z(a) = 2*a + 28. Let t(s) = -s - 27. Let g(p) = v*t(p) - 2*z(p). What is the remainder when 20 is divided by g(17)?
4
Let x(d) = 8*d**2 + 9*d + 118. What is the remainder when x(-7) is divided by 134?
45
Suppose -145*k + 49164 = 96*k. Calculate the remainder when 396 is divided by k.
192
Suppose -17 + 3 = -z - 7*n, 5*n - 16 = -z. Calculate the remainder 